[INFO] crate crystals-rs 0.0.1 is already in cache
[INFO] checking crystals-rs-0.0.1 against master#e6e4f7ed1589e03bc2f6c5931c1a72e7947e8682 for beta-170-4
[INFO] extracting crate crystals-rs 0.0.1 into /workspace/builds/worker-6-tc2/source
[INFO] validating manifest of crates.io crate crystals-rs 0.0.1 on toolchain e6e4f7ed1589e03bc2f6c5931c1a72e7947e8682
[INFO] running `Command { std: CARGO_HOME="/workspace/cargo-home" RUSTUP_HOME="/workspace/rustup-home" "/workspace/cargo-home/bin/cargo" "+e6e4f7ed1589e03bc2f6c5931c1a72e7947e8682" "metadata" "--manifest-path" "Cargo.toml" "--no-deps", kill_on_drop: false }`
[INFO] started tweaking crates.io crate crystals-rs 0.0.1
[INFO] finished tweaking crates.io crate crystals-rs 0.0.1
[INFO] tweaked toml for crates.io crate crystals-rs 0.0.1 written to /workspace/builds/worker-6-tc2/source/Cargo.toml
[INFO] running `Command { std: CARGO_HOME="/workspace/cargo-home" RUSTUP_HOME="/workspace/rustup-home" __CARGO_TEST_CHANNEL_OVERRIDE_DO_NOT_USE_THIS="nightly" "/workspace/cargo-home/bin/cargo" "+e6e4f7ed1589e03bc2f6c5931c1a72e7947e8682" "generate-lockfile" "--manifest-path" "Cargo.toml" "-Zno-index-update", kill_on_drop: false }`
[INFO] running `Command { std: CARGO_HOME="/workspace/cargo-home" RUSTUP_HOME="/workspace/rustup-home" "/workspace/cargo-home/bin/cargo" "+e6e4f7ed1589e03bc2f6c5931c1a72e7947e8682" "fetch" "--manifest-path" "Cargo.toml", kill_on_drop: false }`
[INFO] [stderr]     Blocking waiting for file lock on package cache
[INFO] running `Command { std: "docker" "create" "-v" "/var/lib/crater-agent-workspace/builds/worker-6-tc2/target:/opt/rustwide/target:rw,Z" "-v" "/var/lib/crater-agent-workspace/builds/worker-6-tc2/source:/opt/rustwide/workdir:ro,Z" "-v" "/var/lib/crater-agent-workspace/cargo-home:/opt/rustwide/cargo-home:ro,Z" "-v" "/var/lib/crater-agent-workspace/rustup-home:/opt/rustwide/rustup-home:ro,Z" "-e" "SOURCE_DIR=/opt/rustwide/workdir" "-e" "CARGO_TARGET_DIR=/opt/rustwide/target" "-e" "CARGO_HOME=/opt/rustwide/cargo-home" "-e" "RUSTUP_HOME=/opt/rustwide/rustup-home" "-w" "/opt/rustwide/workdir" "-m" "1610612736" "--user" "0:0" "--network" "none" "ghcr.io/rust-lang/crates-build-env/linux@sha256:19e73879b68f455e41552ea35293514db52ea292d993f571636dbffedb77a1ee" "/opt/rustwide/cargo-home/bin/cargo" "+e6e4f7ed1589e03bc2f6c5931c1a72e7947e8682" "metadata" "--no-deps" "--format-version=1", kill_on_drop: false }`
[INFO] [stdout] d30b91dfb1ec724ae91af6443670663873af2bdf17aa361f9f431b8731458359
[INFO] running `Command { std: "docker" "start" "-a" "d30b91dfb1ec724ae91af6443670663873af2bdf17aa361f9f431b8731458359", kill_on_drop: false }`
[INFO] running `Command { std: "docker" "inspect" "d30b91dfb1ec724ae91af6443670663873af2bdf17aa361f9f431b8731458359", kill_on_drop: false }`
[INFO] running `Command { std: "docker" "rm" "-f" "d30b91dfb1ec724ae91af6443670663873af2bdf17aa361f9f431b8731458359", kill_on_drop: false }`
[INFO] [stdout] d30b91dfb1ec724ae91af6443670663873af2bdf17aa361f9f431b8731458359
[INFO] running `Command { std: "docker" "create" "-v" "/var/lib/crater-agent-workspace/builds/worker-6-tc2/target:/opt/rustwide/target:rw,Z" "-v" "/var/lib/crater-agent-workspace/builds/worker-6-tc2/source:/opt/rustwide/workdir:ro,Z" "-v" "/var/lib/crater-agent-workspace/cargo-home:/opt/rustwide/cargo-home:ro,Z" "-v" "/var/lib/crater-agent-workspace/rustup-home:/opt/rustwide/rustup-home:ro,Z" "-e" "SOURCE_DIR=/opt/rustwide/workdir" "-e" "CARGO_TARGET_DIR=/opt/rustwide/target" "-e" "CARGO_INCREMENTAL=0" "-e" "RUST_BACKTRACE=full" "-e" "RUSTFLAGS=--cap-lints=forbid" "-e" "RUSTDOCFLAGS=--cap-lints=forbid" "-e" "CARGO_HOME=/opt/rustwide/cargo-home" "-e" "RUSTUP_HOME=/opt/rustwide/rustup-home" "-w" "/opt/rustwide/workdir" "-m" "1610612736" "--user" "0:0" "--network" "none" "ghcr.io/rust-lang/crates-build-env/linux@sha256:19e73879b68f455e41552ea35293514db52ea292d993f571636dbffedb77a1ee" "/opt/rustwide/cargo-home/bin/cargo" "+e6e4f7ed1589e03bc2f6c5931c1a72e7947e8682" "check" "--frozen" "--all" "--all-targets" "--message-format=json", kill_on_drop: false }`
[INFO] [stdout] 2b3095091c0311abfb92fc6adbf78af9c5c79bf34f96ba2bdda41b073ee26c8b
[INFO] running `Command { std: "docker" "start" "-a" "2b3095091c0311abfb92fc6adbf78af9c5c79bf34f96ba2bdda41b073ee26c8b", kill_on_drop: false }`
[INFO] [stderr]    Compiling serde v1.0.163
[INFO] [stderr]    Compiling typenum v1.16.0
[INFO] [stderr]    Compiling memchr v2.5.0
[INFO] [stderr]    Compiling crunchy v0.2.2
[INFO] [stderr]    Compiling generic-array v0.14.7
[INFO] [stderr]    Compiling serde_json v1.0.96
[INFO] [stderr]    Compiling paste v1.0.12
[INFO] [stderr]     Checking getrandom v0.2.9
[INFO] [stderr]     Checking crossbeam-channel v0.5.8
[INFO] [stderr]     Checking num_cpus v1.15.0
[INFO] [stderr]     Checking textwrap v0.11.0
[INFO] [stderr]    Compiling crystals-rs v0.0.1 (/opt/rustwide/workdir)
[INFO] [stderr]    Compiling syn v2.0.18
[INFO] [stderr]     Checking regex-syntax v0.7.2
[INFO] [stderr]    Compiling tiny-keccak v2.0.2
[INFO] [stderr]     Checking criterion-plot v0.4.5
[INFO] [stderr]     Checking clap v2.34.0
[INFO] [stderr]     Checking atty v0.2.14
[INFO] [stderr]     Checking rand_core v0.6.4
[INFO] [stderr]     Checking keccak v0.1.4
[INFO] [stderr]     Checking array-init v2.1.0
[INFO] [stderr]    Compiling hex-literal v0.3.4
[INFO] [stderr]     Checking rand_chacha v0.3.1
[INFO] [stderr]     Checking rayon-core v1.11.0
[INFO] [stderr]     Checking rand v0.8.5
[INFO] [stderr]     Checking csv-core v0.1.10
[INFO] [stderr]     Checking rayon v1.7.0
[INFO] [stderr]     Checking regex v1.8.3
[INFO] [stderr]     Checking block-buffer v0.10.4
[INFO] [stderr]     Checking crypto-common v0.1.6
[INFO] [stderr]     Checking digest v0.10.7
[INFO] [stderr]     Checking sha3 v0.10.8
[INFO] [stderr]     Checking csv v1.2.1
[INFO] [stderr]     Checking serde_cbor v0.11.2
[INFO] [stderr]     Checking tinytemplate v1.2.1
[INFO] [stderr]    Compiling zeroize_derive v1.4.2
[INFO] [stderr]    Compiling serde_derive v1.0.163
[INFO] [stderr]     Checking zeroize v1.6.0
[INFO] [stderr]     Checking secrecy v0.8.0
[INFO] [stderr]     Checking criterion v0.3.6
[INFO] [stdout] error[E0433]: failed to resolve: use of undeclared crate or module `krystals`
[INFO] [stdout]  --> benches/kyber_poly.rs:3:5
[INFO] [stdout]   |
[INFO] [stdout] 3 | use krystals::poly::{kyber::KyberPoly, SizedPolynomial};
[INFO] [stdout]   |     ^^^^^^^^ use of undeclared crate or module `krystals`
[INFO] [stdout] 
[INFO] [stdout] 
[INFO] [stdout] error[E0433]: failed to resolve: use of undeclared crate or module `krystals`
[INFO] [stdout]  --> benches/kyber_polyvec.rs:8:5
[INFO] [stdout]   |
[INFO] [stdout] 8 | use krystals::polyvec::{KyberPolyVec, PolynomialVector};
[INFO] [stdout]   |     ^^^^^^^^ use of undeclared crate or module `krystals`
[INFO] [stdout] 
[INFO] [stdout] 
[INFO] [stdout] error[E0433]: failed to resolve: use of undeclared crate or module `krystals`
[INFO] [stdout]  --> benches/dilithium_poly.rs:4:5
[INFO] [stdout]   |
[INFO] [stdout] 4 | use krystals::poly::{dilithium::DilithiumPoly, SizedPolynomial};
[INFO] [stdout]   |     ^^^^^^^^ use of undeclared crate or module `krystals`
[INFO] [stdout] 
[INFO] [stdout] 
[INFO] [stdout] error[E0432]: unresolved import `crystals_cref`
[INFO] [stdout]  --> benches/kyber_poly.rs:4:5
[INFO] [stdout]   |
[INFO] [stdout] 4 | use crystals_cref::kyber as cref;
[INFO] [stdout]   |     ^^^^^^^^^^^^^ use of undeclared crate or module `crystals_cref`
[INFO] [stdout]   |
[INFO] [stdout] help: there is a crate or module with a similar name
[INFO] [stdout]   |
[INFO] [stdout] 4 | use crystals_rs::kyber as cref;
[INFO] [stdout]   |     ~~~~~~~~~~~
[INFO] [stdout] 
[INFO] [stdout] 
[INFO] [stdout] error[E0433]: failed to resolve: use of undeclared crate or module `krystals`
[INFO] [stdout]  --> benches/keccak.rs:2:5
[INFO] [stdout]   |
[INFO] [stdout] 2 | use krystals::keccak::fips202::{Digest, Sha3_256, Sha3_512};
[INFO] [stdout]   |     ^^^^^^^^ use of undeclared crate or module `krystals`
[INFO] [stdout] 
[INFO] [stdout] 
[INFO] [stdout] error[E0432]: unresolved import `crystals_cref`
[INFO] [stdout]  --> benches/kyber_polyvec.rs:9:5
[INFO] [stdout]   |
[INFO] [stdout] 9 | use crystals_cref::kyber as cref;
[INFO] [stdout]   |     ^^^^^^^^^^^^^ use of undeclared crate or module `crystals_cref`
[INFO] [stdout]   |
[INFO] [stdout] help: there is a crate or module with a similar name
[INFO] [stdout]   |
[INFO] [stdout] 9 | use crystals_rs::kyber as cref;
[INFO] [stdout]   |     ~~~~~~~~~~~
[INFO] [stdout] 
[INFO] [stdout] 
[INFO] [stdout] error[E0433]: failed to resolve: use of undeclared crate or module `krystals`
[INFO] [stdout]  --> benches/kyber_gen_matrix.rs:8:5
[INFO] [stdout]   |
[INFO] [stdout] 8 | use krystals::{poly::kyber::KYBER_N, polymat::KyberMatrix};
[INFO] [stdout]   |     ^^^^^^^^ use of undeclared crate or module `krystals`
[INFO] [stdout] 
[INFO] [stdout] 
[INFO] [stdout] error[E0433]: failed to resolve: use of undeclared crate or module `krystals`
[INFO] [stdout]  --> benches/kyber_indcpa.rs:7:5
[INFO] [stdout]   |
[INFO] [stdout] 7 | use krystals::{
[INFO] [stdout]   |     ^^^^^^^^ use of undeclared crate or module `krystals`
[INFO] [stdout] 
[INFO] [stdout] 
[INFO] [stdout] error[E0432]: unresolved import `crystals_cref`
[INFO] [stdout]  --> benches/kyber_gen_matrix.rs:9:5
[INFO] [stdout]   |
[INFO] [stdout] 9 | use crystals_cref::kyber as cref;
[INFO] [stdout]   |     ^^^^^^^^^^^^^ use of undeclared crate or module `crystals_cref`
[INFO] [stdout]   |
[INFO] [stdout] help: there is a crate or module with a similar name
[INFO] [stdout]   |
[INFO] [stdout] 9 | use crystals_rs::kyber as cref;
[INFO] [stdout]   |     ~~~~~~~~~~~
[INFO] [stdout] 
[INFO] [stdout] 
[INFO] [stdout] error[E0432]: unresolved imports `krystals::ciphertext::Ciphertext`, `krystals::ciphertext::CompressedCiphertex`, `krystals::poly::kyber::kyber_ciphertext_bytes`, `krystals::poly::kyber::MSG_BYTES`, `krystals::poly::kyber::NOISE_SEED_BYTES`, `krystals::poly::kyber::POLYBYTES`, `krystals::poly::UNIFORM_SEED_BYTES`, `krystals`
[INFO] [stdout]   --> benches/kyber_indcpa.rs:7:5
[INFO] [stdout]    |
[INFO] [stdout] 7  | use krystals::{
[INFO] [stdout]    |     ^^^^^^^^ use of undeclared crate or module `krystals`
[INFO] [stdout] 8  |     ciphertext::{Ciphertext, CompressedCiphertex},
[INFO] [stdout]    |                  ^^^^^^^^^^  ^^^^^^^^^^^^^^^^^^^
[INFO] [stdout] ...
[INFO] [stdout] 11 |         kyber::{kyber_ciphertext_bytes, MSG_BYTES, NOISE_SEED_BYTES, POLYBYTES},
[INFO] [stdout]    |                 ^^^^^^^^^^^^^^^^^^^^^^  ^^^^^^^^^  ^^^^^^^^^^^^^^^^  ^^^^^^^^^
[INFO] [stdout] 12 |         UNIFORM_SEED_BYTES,
[INFO] [stdout]    |         ^^^^^^^^^^^^^^^^^^
[INFO] [stdout] 
[INFO] [stdout] 
[INFO] [stdout] error[E0433]: failed to resolve: use of undeclared crate or module `crystals_cref`
[INFO] [stdout]   --> benches/kyber_indcpa.rs:16:5
[INFO] [stdout]    |
[INFO] [stdout] 16 | use crystals_cref::{kyber as cref, randombytes::randombytes_push_bytes};
[INFO] [stdout]    |     ^^^^^^^^^^^^^ use of undeclared crate or module `crystals_cref`
[INFO] [stdout]    |
[INFO] [stdout] help: there is a crate or module with a similar name
[INFO] [stdout]    |
[INFO] [stdout] 16 | use crystals_rs::{kyber as cref, randombytes::randombytes_push_bytes};
[INFO] [stdout]    |     ~~~~~~~~~~~
[INFO] [stdout] 
[INFO] [stdout] 
[INFO] [stdout] error[E0432]: unresolved imports `crystals_cref`, `crystals_cref::randombytes::randombytes_push_bytes`
[INFO] [stdout]   --> benches/kyber_indcpa.rs:16:5
[INFO] [stdout]    |
[INFO] [stdout] 16 | use crystals_cref::{kyber as cref, randombytes::randombytes_push_bytes};
[INFO] [stdout]    |     ^^^^^^^^^^^^^                  ^^^^^^^^^^^^^^^^^^^^^^^^^^^^^^^^^^^
[INFO] [stdout]    |     |
[INFO] [stdout]    |     use of undeclared crate or module `crystals_cref`
[INFO] [stdout]    |
[INFO] [stdout] help: there is a crate or module with a similar name
[INFO] [stdout]    |
[INFO] [stdout] 16 | use crystals_rs::{kyber as cref, randombytes::randombytes_push_bytes};
[INFO] [stdout]    |     ~~~~~~~~~~~
[INFO] [stdout] 
[INFO] [stdout] 
[INFO] [stdout] error[E0433]: failed to resolve: use of undeclared crate or module `krystals`
[INFO] [stdout]  --> benches/dilithium_polyvec.rs:7:5
[INFO] [stdout]   |
[INFO] [stdout] 7 | use krystals::polyvec::{DilithiumPolyVec, PolynomialVector};
[INFO] [stdout]   |     ^^^^^^^^ use of undeclared crate or module `krystals`
[INFO] [stdout] 
[INFO] [stdout] 
[INFO] [stdout] error[E0432]: unresolved import `crystals_cref`
[INFO] [stdout]  --> benches/dilithium_polyvec.rs:6:5
[INFO] [stdout]   |
[INFO] [stdout] 6 | use crystals_cref::dilithium as cref;
[INFO] [stdout]   |     ^^^^^^^^^^^^^ use of undeclared crate or module `crystals_cref`
[INFO] [stdout]   |
[INFO] [stdout] help: there is a crate or module with a similar name
[INFO] [stdout]   |
[INFO] [stdout] 6 | use crystals_rs::dilithium as cref;
[INFO] [stdout]   |     ~~~~~~~~~~~
[INFO] [stdout] 
[INFO] [stdout] 
[INFO] [stdout] error[E0433]: failed to resolve: use of undeclared crate or module `crystals_cref`
[INFO] [stdout]   --> benches/dilithium_poly.rs:21:19
[INFO] [stdout]    |
[INFO] [stdout] 21 |         b.iter(|| crystals_cref::dilithium::ntt(black_box(&mut poly)))
[INFO] [stdout]    |                   ^^^^^^^^^^^^^ use of undeclared crate or module `crystals_cref`
[INFO] [stdout]    |
[INFO] [stdout] help: there is a crate or module with a similar name
[INFO] [stdout]    |
[INFO] [stdout] 21 |         b.iter(|| crystals_rs::dilithium::ntt(black_box(&mut poly)))
[INFO] [stdout]    |                   ~~~~~~~~~~~
[INFO] [stdout] 
[INFO] [stdout] 
[INFO] [stdout] error[E0433]: failed to resolve: use of undeclared crate or module `crystals_cref`
[INFO] [stdout]   --> benches/dilithium_poly.rs:42:19
[INFO] [stdout]    |
[INFO] [stdout] 42 |         b.iter(|| crystals_cref::dilithium::inv_ntt(black_box(&mut poly)))
[INFO] [stdout]    |                   ^^^^^^^^^^^^^ use of undeclared crate or module `crystals_cref`
[INFO] [stdout]    |
[INFO] [stdout] help: there is a crate or module with a similar name
[INFO] [stdout]    |
[INFO] [stdout] 42 |         b.iter(|| crystals_rs::dilithium::inv_ntt(black_box(&mut poly)))
[INFO] [stdout]    |                   ~~~~~~~~~~~
[INFO] [stdout] 
[INFO] [stdout] 
[INFO] [stdout] error[E0433]: failed to resolve: use of undeclared crate or module `crystals_cref`
[INFO] [stdout]   --> benches/dilithium_poly.rs:72:13
[INFO] [stdout]    |
[INFO] [stdout] 72 |             crystals_cref::dilithium::poly_pointwise_montgomery(
[INFO] [stdout]    |             ^^^^^^^^^^^^^ use of undeclared crate or module `crystals_cref`
[INFO] [stdout]    |
[INFO] [stdout] help: there is a crate or module with a similar name
[INFO] [stdout]    |
[INFO] [stdout] 72 |             crystals_rs::dilithium::poly_pointwise_montgomery(
[INFO] [stdout]    |             ~~~~~~~~~~~
[INFO] [stdout] 
[INFO] [stdout] 
[INFO] [stdout] error: aborting due to 2 previous errors
[INFO] [stdout] 
[INFO] [stdout] 
[INFO] [stdout] Some errors have detailed explanations: E0432, E0433.
[INFO] [stdout] 
[INFO] [stdout] For more information about an error, try `rustc --explain E0432`.
[INFO] [stdout] 
[INFO] [stdout] error: aborting due to 2 previous errors
[INFO] [stdout] 
[INFO] [stdout] 
[INFO] [stdout] Some errors have detailed explanations: E0432, E0433.
[INFO] [stdout] 
[INFO] [stdout] For more information about an error, try `rustc --explain E0432`.
[INFO] [stdout] 
[INFO] [stderr] error: could not compile `crystals-rs` (bench "kyber_poly") due to 3 previous errors
[INFO] [stderr] warning: build failed, waiting for other jobs to finish...
[INFO] [stdout] error: aborting due to 2 previous errors
[INFO] [stdout] 
[INFO] [stdout] 
[INFO] [stdout] Some errors have detailed explanations: E0432, E0433.
[INFO] [stdout] 
[INFO] [stdout] For more information about an error, try `rustc --explain E0432`.
[INFO] [stdout] 
[INFO] [stderr] error: could not compile `crystals-rs` (bench "kyber_gen_matrix") due to 3 previous errors
[INFO] [stdout] error: aborting due to previous error
[INFO] [stdout] 
[INFO] [stdout] 
[INFO] [stdout] For more information about this error, try `rustc --explain E0433`.
[INFO] [stdout] 
[INFO] [stdout] error[E0425]: cannot find value `KYBER_SYMBYTES` in this scope
[INFO] [stdout]   --> benches/kyber_indcpa.rs:21:29
[INFO] [stdout]    |
[INFO] [stdout] 21 |     let mut entropy = [0u8; KYBER_SYMBYTES];
[INFO] [stdout]    |                             ^^^^^^^^^^^^^^ not found in this scope
[INFO] [stdout]    |
[INFO] [stdout] help: consider importing this constant
[INFO] [stdout]    |
[INFO] [stdout] 1  + use crystals_rs::pke::KYBER_SYMBYTES;
[INFO] [stdout]    |
[INFO] [stdout] 
[INFO] [stdout] 
[INFO] [stdout] error[E0433]: failed to resolve: use of undeclared type `KyberPke`
[INFO] [stdout]   --> benches/kyber_indcpa.rs:30:13
[INFO] [stdout]    |
[INFO] [stdout] 30 |             KyberPke::<K>::keypair(black_box(&entropy), black_box(&mut sk), black_box(&mut pk))
[INFO] [stdout]    |             ^^^^^^^^ use of undeclared type `KyberPke`
[INFO] [stdout]    |
[INFO] [stdout] help: consider importing this struct
[INFO] [stdout]    |
[INFO] [stdout] 1  + use crystals_rs::pke::KyberPke;
[INFO] [stdout]    |
[INFO] [stdout] 
[INFO] [stdout] 
[INFO] [stdout] error[E0425]: cannot find value `KYBER_SYMBYTES` in this scope
[INFO] [stdout]   --> benches/kyber_indcpa.rs:47:29
[INFO] [stdout]    |
[INFO] [stdout] 47 |     let mut entropy = [0u8; KYBER_SYMBYTES];
[INFO] [stdout]    |                             ^^^^^^^^^^^^^^ not found in this scope
[INFO] [stdout]    |
[INFO] [stdout] help: consider importing this constant
[INFO] [stdout]    |
[INFO] [stdout] 1  + use crystals_rs::pke::KYBER_SYMBYTES;
[INFO] [stdout]    |
[INFO] [stdout] 
[INFO] [stdout] 
[INFO] [stdout] error[E0425]: cannot find function `keypair` in this scope
[INFO] [stdout]   --> benches/kyber_indcpa.rs:52:5
[INFO] [stdout]    |
[INFO] [stdout] 52 |     keypair(&entropy, &mut sk, &mut pk);
[INFO] [stdout]    |     ^^^^^^^ not found in this scope
[INFO] [stdout]    |
[INFO] [stdout] help: consider importing this function
[INFO] [stdout]    |
[INFO] [stdout] 1  + use crystals_rs::pke::keypair;
[INFO] [stdout]    |
[INFO] [stdout] 
[INFO] [stdout] 
[INFO] [stdout] error[E0433]: failed to resolve: use of undeclared type `KyberPke`
[INFO] [stdout]   --> benches/kyber_indcpa.rs:76:21
[INFO] [stdout]    |
[INFO] [stdout] 76 |                     KyberPke::<K>::encrypt(
[INFO] [stdout]    |                     ^^^^^^^^ use of undeclared type `KyberPke`
[INFO] [stdout]    |
[INFO] [stdout] help: consider importing this struct
[INFO] [stdout]    |
[INFO] [stdout] 1  + use crystals_rs::pke::KyberPke;
[INFO] [stdout]    |
[INFO] [stdout] 
[INFO] [stdout] 
[INFO] [stdout] error[E0433]: failed to resolve: use of undeclared type `KyberPke`
[INFO] [stdout]   --> benches/kyber_indcpa.rs:89:21
[INFO] [stdout]    |
[INFO] [stdout] 89 |                     KyberPke::<K>::encrypt(
[INFO] [stdout]    |                     ^^^^^^^^ use of undeclared type `KyberPke`
[INFO] [stdout]    |
[INFO] [stdout] help: consider importing this struct
[INFO] [stdout]    |
[INFO] [stdout] 1  + use crystals_rs::pke::KyberPke;
[INFO] [stdout]    |
[INFO] [stdout] 
[INFO] [stdout] 
[INFO] [stdout] error[E0425]: cannot find value `KYBER_SYMBYTES` in this scope
[INFO] [stdout]    --> benches/kyber_indcpa.rs:133:29
[INFO] [stdout]     |
[INFO] [stdout] 133 |     let mut entropy = [0u8; KYBER_SYMBYTES];
[INFO] [stdout]     |                             ^^^^^^^^^^^^^^ not found in this scope
[INFO] [stdout]     |
[INFO] [stdout] help: consider importing this constant
[INFO] [stdout]     |
[INFO] [stdout] 1   + use crystals_rs::pke::KYBER_SYMBYTES;
[INFO] [stdout]     |
[INFO] [stdout] 
[INFO] [stdout] 
[INFO] [stderr] error: could not compile `crystals-rs` (bench "dilithium_polyvec") due to 3 previous errors
[INFO] [stdout] error[E0425]: cannot find function `keypair` in this scope
[INFO] [stdout]    --> benches/kyber_indcpa.rs:138:5
[INFO] [stdout]     |
[INFO] [stdout] 138 |     keypair(&entropy, &mut sk, &mut pk);
[INFO] [stdout]     |     ^^^^^^^ not found in this scope
[INFO] [stdout]     |
[INFO] [stdout] help: consider importing this function
[INFO] [stdout]     |
[INFO] [stdout] 1   + use crystals_rs::pke::keypair;
[INFO] [stdout]     |
[INFO] [stdout] 
[INFO] [stdout] 
[INFO] [stdout] error[E0433]: failed to resolve: use of undeclared type `KyberPke`
[INFO] [stdout]    --> benches/kyber_indcpa.rs:155:21
[INFO] [stdout]     |
[INFO] [stdout] 155 |                     KyberPke::<K>::decrypt(black_box(&ct), black_box(&sk), black_box(&mut msg))
[INFO] [stdout]     |                     ^^^^^^^^ use of undeclared type `KyberPke`
[INFO] [stdout]     |
[INFO] [stdout] help: consider importing this struct
[INFO] [stdout]     |
[INFO] [stdout] 1   + use crystals_rs::pke::KyberPke;
[INFO] [stdout]     |
[INFO] [stdout] 
[INFO] [stdout] 
[INFO] [stdout] error[E0433]: failed to resolve: use of undeclared type `KyberPke`
[INFO] [stdout]    --> benches/kyber_indcpa.rs:166:21
[INFO] [stdout]     |
[INFO] [stdout] 166 |                     KyberPke::<K>::decrypt(black_box(&ct), black_box(&sk), black_box(&mut msg))
[INFO] [stdout]     |                     ^^^^^^^^ use of undeclared type `KyberPke`
[INFO] [stdout]     |
[INFO] [stdout] help: consider importing this struct
[INFO] [stdout]     |
[INFO] [stdout] 1   + use crystals_rs::pke::KyberPke;
[INFO] [stdout]     |
[INFO] [stdout] 
[INFO] [stdout] 
[INFO] [stdout] error: aborting due to 2 previous errors
[INFO] [stdout] 
[INFO] [stdout] 
[INFO] [stdout] error: aborting due to 4 previous errors
[INFO] [stdout] 
[INFO] [stdout] 
[INFO] [stdout] Some errors have detailed explanations: E0432, E0433.
[INFO] [stdout] 
[INFO] [stdout] For more information about an error, try `rustc --explain E0432`.
[INFO] [stdout] 
[INFO] [stdout] For more information about this error, try `rustc --explain E0433`.
[INFO] [stdout] 
[INFO] [stderr] error: could not compile `crystals-rs` (bench "keccak") due to 2 previous errors
[INFO] [stderr] error: could not compile `crystals-rs` (bench "kyber_polyvec") due to 3 previous errors
[INFO] [stderr] error: could not compile `crystals-rs` (bench "dilithium_poly") due to 5 previous errors
[INFO] [stdout] error[E0432]: unresolved import `crystals_cref`
[INFO] [stdout]    --> src/poly/dilithium.rs:123:9
[INFO] [stdout]     |
[INFO] [stdout] 123 |     use crystals_cref::dilithium as cref;
[INFO] [stdout]     |         ^^^^^^^^^^^^^ use of undeclared crate or module `crystals_cref`
[INFO] [stdout] 
[INFO] [stdout] 
[INFO] [stdout] error[E0432]: unresolved import `crystals_cref`
[INFO] [stdout]    --> src/poly/kyber.rs:548:9
[INFO] [stdout]     |
[INFO] [stdout] 548 |     use crystals_cref::kyber as cref;
[INFO] [stdout]     |         ^^^^^^^^^^^^^ use of undeclared crate or module `crystals_cref`
[INFO] [stdout] 
[INFO] [stdout] 
[INFO] [stdout] error[E0432]: unresolved import `crystals_cref`
[INFO] [stdout]    --> src/ciphertext.rs:407:9
[INFO] [stdout]     |
[INFO] [stdout] 407 |     use crystals_cref::kyber as cref;
[INFO] [stdout]     |         ^^^^^^^^^^^^^ use of undeclared crate or module `crystals_cref`
[INFO] [stdout] 
[INFO] [stdout] 
[INFO] [stdout] error[E0432]: unresolved import `crystals_cref`
[INFO] [stdout]    --> src/pke.rs:200:9
[INFO] [stdout]     |
[INFO] [stdout] 200 |     use crystals_cref::kyber as cref;
[INFO] [stdout]     |         ^^^^^^^^^^^^^ use of undeclared crate or module `crystals_cref`
[INFO] [stdout] 
[INFO] [stdout] 
[INFO] [stdout] error[E0432]: unresolved import `crystals_cref`
[INFO] [stdout]    --> src/pke.rs:201:9
[INFO] [stdout]     |
[INFO] [stdout] 201 |     use crystals_cref::randombytes;
[INFO] [stdout]     |         ^^^^^^^^^^^^^ use of undeclared crate or module `crystals_cref`
[INFO] [stdout] 
[INFO] [stdout] 
[INFO] [stdout] error[E0277]: the size for values of type `[_]` cannot be known at compilation time
[INFO] [stdout]   --> benches/kyber_indcpa.rs:61:9
[INFO] [stdout]    |
[INFO] [stdout] 61 |     for b in pk.bytes {
[INFO] [stdout]    |         ^ doesn't have a size known at compile-time
[INFO] [stdout]    |
[INFO] [stdout]    = help: the trait `Sized` is not implemented for `[_]`
[INFO] [stdout]    = note: all local variables must have a statically known size
[INFO] [stdout]    = help: unsized locals are gated as an unstable feature
[INFO] [stdout] 
[INFO] [stdout] 
[INFO] [stdout] error[E0277]: the size for values of type `[_]` cannot be known at compilation time
[INFO] [stdout]   --> benches/kyber_indcpa.rs:61:14
[INFO] [stdout]    |
[INFO] [stdout] 61 |     for b in pk.bytes {
[INFO] [stdout]    |              ^^^^^^^^ doesn't have a size known at compile-time
[INFO] [stdout]    |
[INFO] [stdout]    = help: the trait `Sized` is not implemented for `[_]`
[INFO] [stdout] note: required by a bound in `Option`
[INFO] [stdout]   --> /rustc/e6e4f7ed1589e03bc2f6c5931c1a72e7947e8682/library/core/src/option.rs:563:1
[INFO] [stdout] 
[INFO] [stdout] 
[INFO] [stdout] error[E0277]: the size for values of type `[_]` cannot be known at compilation time
[INFO] [stdout]   --> benches/kyber_indcpa.rs:61:5
[INFO] [stdout]    |
[INFO] [stdout] 61 | /     for b in pk.bytes {
[INFO] [stdout] 62 | |         pk_ref.extend_from_slice(&b);
[INFO] [stdout] 63 | |     }
[INFO] [stdout]    | |_____^ doesn't have a size known at compile-time
[INFO] [stdout]    |
[INFO] [stdout]    = help: the trait `Sized` is not implemented for `[_]`
[INFO] [stdout] note: required by a bound in `None`
[INFO] [stdout]   --> /rustc/e6e4f7ed1589e03bc2f6c5931c1a72e7947e8682/library/core/src/option.rs:567:5
[INFO] [stdout] 
[INFO] [stdout] 
[INFO] [stdout] error[E0433]: failed to resolve: use of undeclared crate or module `crystals_cref`
[INFO] [stdout]    --> src/poly/kyber.rs:584:13
[INFO] [stdout]     |
[INFO] [stdout] 584 |             crystals_cref::kyber::ntt(&mut p);
[INFO] [stdout]     |             ^^^^^^^^^^^^^ use of undeclared crate or module `crystals_cref`
[INFO] [stdout] 
[INFO] [stdout] 
[INFO] [stdout] error[E0433]: failed to resolve: use of undeclared crate or module `crystals_cref`
[INFO] [stdout]    --> src/poly/kyber.rs:602:13
[INFO] [stdout]     |
[INFO] [stdout] 602 |             crystals_cref::kyber::inv_ntt(&mut p);
[INFO] [stdout]     |             ^^^^^^^^^^^^^ use of undeclared crate or module `crystals_cref`
[INFO] [stdout] 
[INFO] [stdout] 
[INFO] [stdout] error[E0433]: failed to resolve: use of undeclared crate or module `crystals_cref`
[INFO] [stdout]    --> src/poly/kyber.rs:603:13
[INFO] [stdout]     |
[INFO] [stdout] 603 |             crystals_cref::kyber::poly_reduce(&mut p);
[INFO] [stdout]     |             ^^^^^^^^^^^^^ use of undeclared crate or module `crystals_cref`
[INFO] [stdout] 
[INFO] [stdout] 
[INFO] [stdout] error[E0433]: failed to resolve: use of undeclared crate or module `crystals_cref`
[INFO] [stdout]    --> src/poly/kyber.rs:625:13
[INFO] [stdout]     |
[INFO] [stdout] 625 |             crystals_cref::kyber::poly_pointwise_montgomery(&mut r, &a, &b);
[INFO] [stdout]     |             ^^^^^^^^^^^^^ use of undeclared crate or module `crystals_cref`
[INFO] [stdout] 
[INFO] [stdout] 
[INFO] [stdout] error[E0433]: failed to resolve: use of undeclared crate or module `crystals_cref`
[INFO] [stdout]    --> src/poly/kyber.rs:626:13
[INFO] [stdout]     |
[INFO] [stdout] 626 |             crystals_cref::kyber::poly_reduce(&mut r);
[INFO] [stdout]     |             ^^^^^^^^^^^^^ use of undeclared crate or module `crystals_cref`
[INFO] [stdout] 
[INFO] [stdout] 
[INFO] [stdout] error[E0433]: failed to resolve: use of undeclared crate or module `crystals_cref`
[INFO] [stdout]    --> src/poly/kyber.rs:644:13
[INFO] [stdout]     |
[INFO] [stdout] 644 |             crystals_cref::kyber::poly_cbd_eta_eq_2(&mut p, &buf);
[INFO] [stdout]     |             ^^^^^^^^^^^^^ use of undeclared crate or module `crystals_cref`
[INFO] [stdout] 
[INFO] [stdout] 
[INFO] [stdout] error[E0433]: failed to resolve: use of undeclared crate or module `crystals_cref`
[INFO] [stdout]    --> src/poly/kyber.rs:662:13
[INFO] [stdout]     |
[INFO] [stdout] 662 |             crystals_cref::kyber::poly_cbd_eta_eq_3(&mut p, &buf);
[INFO] [stdout]     |             ^^^^^^^^^^^^^ use of undeclared crate or module `crystals_cref`
[INFO] [stdout] 
[INFO] [stdout] 
[INFO] [stdout] error: aborting due to 17 previous errors
[INFO] [stdout] 
[INFO] [stdout] 
[INFO] [stdout] Some errors have detailed explanations: E0277, E0425, E0432, E0433.
[INFO] [stdout] 
[INFO] [stdout] For more information about an error, try `rustc --explain E0277`.
[INFO] [stdout] 
[INFO] [stdout] error[E0433]: failed to resolve: use of undeclared crate or module `crystals_cref`
[INFO] [stdout]    --> src/poly/kyber.rs:682:13
[INFO] [stdout]     |
[INFO] [stdout] 682 |             crystals_cref::kyber::poly_getnoise_eta_eq_3(&mut p, &seed, nonce);
[INFO] [stdout]     |             ^^^^^^^^^^^^^ use of undeclared crate or module `crystals_cref`
[INFO] [stdout] 
[INFO] [stdout] 
[INFO] [stdout] error[E0433]: failed to resolve: use of undeclared crate or module `crystals_cref`
[INFO] [stdout]    --> src/polymat.rs:144:13
[INFO] [stdout]     |
[INFO] [stdout] 144 |             crystals_cref::kyber::gen_matrix(&mut a_ref, &seed, TRANSPOSED);
[INFO] [stdout]     |             ^^^^^^^^^^^^^ use of undeclared crate or module `crystals_cref`
[INFO] [stdout] 
[INFO] [stdout] 
[INFO] [stderr] error: could not compile `crystals-rs` (bench "kyber_indcpa") due to 18 previous errors
[INFO] [stdout] error: aborting due to 14 previous errors
[INFO] [stdout] 
[INFO] [stdout] 
[INFO] [stdout] Some errors have detailed explanations: E0432, E0433.
[INFO] [stdout] 
[INFO] [stdout] For more information about an error, try `rustc --explain E0432`.
[INFO] [stdout] 
[INFO] [stderr] error: could not compile `crystals-rs` (lib test) due to 15 previous errors
[INFO] running `Command { std: "docker" "inspect" "2b3095091c0311abfb92fc6adbf78af9c5c79bf34f96ba2bdda41b073ee26c8b", kill_on_drop: false }`
[INFO] running `Command { std: "docker" "rm" "-f" "2b3095091c0311abfb92fc6adbf78af9c5c79bf34f96ba2bdda41b073ee26c8b", kill_on_drop: false }`
[INFO] [stdout] 2b3095091c0311abfb92fc6adbf78af9c5c79bf34f96ba2bdda41b073ee26c8b
